 q(l) be the first derivative of l**4/4 - 22*l**3/3 + 23*l**2/2 - 46*l - 37. Let j be q(21). Let s(f) = f**2 + 4*f - 1. Determine s(j).
-1
Let x(y) = -9*y + 2. Let v(a) = -10*a + 3. Let q(b) = -6*v(b) + 7*x(b). Suppose -20 = 4*z + 2*o, 119*z + 3*o = 120*z - 9. Calculate q(z).
5
Let k(m) be the first derivative of m**4/4 + 10*m**3/3 + 6*m + 137. Determine k(-10).
6
Let j(a) be the third derivative of a**4/24 + a**3/3 + 4*a**2 - 15*a. Give j(10).
12
Suppose -51*y + 8*y + 86 = 0. Let h(n) = n**2 - 3*n + 1. Calculate h(y).
-1
Let f(t) = t**3 - 6*t**2 + 3*t - 1. Suppose x = 9*x + 8. Let c be x/4 - (-72)/32. What is f(c)?
-11
Let d(x) be the second derivative of -x**3/3 - 2*x**2 - 76*x. What is d(5)?
-14
Let r(c) = 6*c**2 - 4*c + 18. Let j(h) = -5*h**2 + 3*h - 16. Let f(m) = 5*j(m) + 4*r(m). Calculate f(0).
-8
Let m(h) = 2*h + 2. Let c be -6 - -7 - 6/(3 - 2). Give m(c).
-8
Let i(h) = -h + h - 1 + h**2. Let c(n) = n**2 + n + 1. Let s be c(-1). Let z(d) = -d**2 - 5*d + 6. Let w(x) = s*z(x) + 3*i(x). Give w(3).
6
Let k(f) be the second derivative of 3*f**5/20 + f**4/6 + f**2 - 3*f. Let w be (-5)/(70/(-4))*-7. Determine k(w).
-14
Let t(r) = 3 + 5*r + 5*r**2 - 3 - 6*r**2. Suppose 8 = 9*d - 46. Give t(d).
-6
Let m = 1101 - 1104. Let b(g) = -g**2 - 7*g - 1. Calculate b(m).
11
Let q(y) be the second derivative of -2*y**5/5 - 7*y**2/2 + 40*y. Let w(c) = 12*c**3 + 10. Let k be 30/4 + (-1)/2. Let h(p) = k*q(p) + 5*w(p). Determine h(-1).
-3
Let u(k) = k - 1. Let h(d) = 2*d + 16. Let i(z) = -5*z - 47. Let g be (136/12)/((-2)/3). Let m(a) = g*h(a) - 6*i(a). Let f be m(4). What is u(f)?
-7
Let b(v) = 6 - 22 + 5 + 7 + v**2 + 2*v. Calculate b(-4).
4
Let m(k) be the first derivative of -k**5/60 - k**4/8 - 17*k**2/2 + 29. Let v(y) be the second derivative of m(y). What is v(-3)?
0
Let j(l) = -l**3 - 6*l**2 + 4. Suppose w - 6*w - 5 = 0. Let i be (-3)/w*(-2 - -3). Suppose 6*p + 24 = 3*p - i*m, -4 = p - m. Determine j(p).
4
Suppose 37*s - 33*s - 20 = 0. Let x(q) = 1. Let p(i) = i**2 - 3*i - 9. Let b(z) = -p(z) - 6*x(z). What is b(s)?
-7
Let z(h) be the second derivative of -h**4/12 + 3*h**3/2 + 3*h**2/2 + 186*h. What is z(9)?
3
Let h(x) = 10 - 3 - 11*x + 11*x - x**2. Let a be h(3). Let u(c) = c**3 + 2*c**2 + c + 1. Determine u(a).
-1
Let y(h) = -3*h**2 + 4*h - 2*h**2 - h**3 - 7*h + h**2. Let w be (-7)/(7/(-38)) - -2. Let c = w + -44. Calculate y(c).
12
Suppose -5*y + 12 = 42. Let z(v) = 3*v**2 + 26*v + 1. Let x(n) = -n**2 - 9*n. Let r(l) = -11*x(l) - 4*z(l). Calculate r(y).
-10
Let k(y) = y - 5. Let s be k(-5). Let n be 25/s*(-24)/15. Suppose -n*u = u + 15. Let g(l) = -2*l**2 - 3*l + 3. Determine g(u).
-6
Suppose -2*j = -3*l - 20, -2*j = -4*j + 2. Let n(u) = -u**2 - 9*u - 6. Give n(l).
12
Let p(w) = w**2 - 2*w - 1. Let k(c) = -3 + 8 + c**2 + 23*c + 17 - 2*c. Let r be k(-20). Calculate p(r).
-1
Let n(t) be the third derivative of t**8/20160 - t**7/5040 - t**6/240 - 7*t**5/30 - 7*t**2. Let y(c) be the third derivative of n(c). What is y(-4)?
17
Let k(d) = 22*d**2 + d - 7. Let b(a) = 32*a**2 + a - 10. Let m(l) = -5*b(l) + 7*k(l). What is m(-1)?
-7
Let k(z) = -9*z**3 - 10*z**2 - z - 7. Let m(r) = -7*r**3 - 8*r**2 - r - 8. Let b(q) = 4*k(q) - 5*m(q). Give b(0).
12
Let d be (-3 - -5)*2/(-4). Let b(n) be the first derivative of -n**4 + n**2/2 + 10. Determine b(d).
3
Let v be 2*(-6)/9*3. Let j(b) = -b - 5. Let a(f) = f**3 - f**2 - 2*f + 3. Let p be a(2). Let r(w) = -w - 5. Let q(x) = p*j(x) - 4*r(x). Give q(v).
1
Let f(z) = z**2 - 6*z - 2. Suppose -57 = -10*a + 6*a + 5*v, 26 = 2*a - 2*v. Suppose -10*c + 14 = -a*c. Give f(c).
5
Let d(r) = -r**2 + 3*r + 1. Let y(b) = -4*b**2 + 17*b + 4. Let n(f) = -5*d(f) + y(f). Calculate n(1).
2
Let g(i) = 173*i**2 - 88*i**2 - 79*i**2 + i**3 - 7*i + 2. Determine g(-7).
2
Suppose 0 = -2*s - 5*k + 13, -3*s - 5*k + 49 - 17 = 0. Let d(w) = w**2 - 16*w - 47. Calculate d(s).
10
Let m be (4 - 13/1) + 4. Let a(z) = -5*z - 25. What is a(m)?
0
Let g(h) = h + 7. Let w be 132/(-20) - 32/80. Calculate g(w).
0
Suppose -2*m - 81 = -5*s, -4*s - 27 = 2*m - 81. Suppose -q + 27 = 5*f + 3*q, -5*q + s = 0. Let y(g) = 3 + 0*g + g - f. Give y(3).
3
Let m(u) = -u**3 - 28*u**2 - 51*u + 13. Let i be m(-26). Let a(y) = 2*y + 17. Calculate a(i).
-9
Let r be 118/4 - (75/10)/(-15). Let c(g) = -13 - g + 33 - r. Give c(0).
-10
Let j = 134 + -144. Let u(p) = p - 1. Give u(j).
-11
Suppose 2*f + 2 = -3*q, 14 = q - f - 2*f. Let v(w) = 11*w - 2 - q - 29*w + 16*w. Determine v(-5).
6
Let u = 7 + -5. Suppose -4*d - l + 28 = 0, u*d = -d + l + 14. Let f(k) be the third derivative of k**6/120 - k**5/12 - 5*k**4/24 - k**3/6 + 3*k**2. Give f(d).
5
Let t(r) = r + 3. Let i be 12 + ((-28)/(-21))/(1/(-3)). Determine t(i).
11
Let w(q) be the second derivative of q**5/120 - q**3/6 + 2*q. Let f(l) be the second derivative of w(l). Let c be f(-2). Let o(t) = 3*t. Determine o(c).
-6
Suppose 2*w = a + 3*w - 2, -4*a + 2*w + 8 = 0. Let x(r) = -22*r + 3 + 4*r**2 - 2*r**2 + 18*r. Calculate x(a).
3
Let h(r) = -9*r**3 - r**3 + 18*r**3 - 7*r**3 + 13 - 11*r**2 + 5*r + 4*r. Determine h(10).
3
Suppose 3*y + 2*c = 11, 0 = 2*y + y - c - 8. Suppose 0 = 3*x - 7 - 14. Suppose x = -y*l - 8. Let n(f) = f**2 + 3*f - 6. Give n(l).
4
Let w(p) = -18*p + 26*p**2 - p**3 + 24*p**2 - 87*p**2 + 16*p**2 + 27. Determine w(-20).
-13
Let v = -62 + 62. Let s(u) be the second derivative of 1/20*u**5 + 0 + 9/2*u**2 - 1/6*u**3 + 4*u + 0*u**4. Give s(v).
9
Let l(p) = p**3 + 6*p**2 - 9*p - 9. Let q be (-116)/(-4) + -4 + -4. Suppose -4*n + 7*n = -q. What is l(n)?
5
Suppose -3*d = -4*l, 22*d = 26*d - 16. Let f(u) = -u**2 - 6*u + 19. Calculate f(l).
-8
Let d(b) be the third derivative of -b**5/15 - 3*b**4/2 + b**3/3 + 244*b**2. Calculate d(-9).
2
Let m(v) be the second derivative of v**3/6 + 3*v**2 - 104*v. Give m(-7).
-1
Let i(k) = -k - 1. Let o(a) = 3*a + 2. Let w be 25/(-3) - (-32)/24. Let f be o(w). Let n = f + 17. Determine i(n).
1
Let y = 160 + -155. Let u(w) = -w**3 + 4*w**2 + 4*w - 3. What is u(y)?
-8
Let x = -27 + 29. Suppose -5*s + 3 = -x*s. Let p(y) = -s + 13 - y**2 - 3 - 5*y. What is p(-7)?
-5
Let d(x) = -6*x. Suppose -5*a + 10 = -5*r, 4*r - 4*a = 8*r - 16. Calculate d(r).
-6
Let b(o) = -o**3 + 3*o**2 + o - 1. Let n be 7*20/28 - 2. What is b(n)?
2
Let i(v) = v**2 - v + 1. Let d(l) = -l**3 - 3*l**2 - 11*l - 3. Let z(a) = d(a) - 4*i(a). Let j = -550 + 544. What is z(j)?
-1
Let p(n) = n**2 + 5*n - 3. Suppose 5*d - 9*d = 0. Let j = 5 + -10. Let h = j - d. Calculate p(h).
-3
Let a(m) = -10*m - 234. Let y be a(-24). Let c(v) = -v**3 + 7*v**2 - 6*v + 5. Give c(y).
5
Let b(x) = 3*x**2 - 7*x**3 - 3 + 1 + 6*x**3. Let f(d) = -d + 32. Let h(n) = 11. Let w(p) = 2*f(p) - 7*h(p). Let c be w(-8). Give b(c).
-2
Suppose 18*o - 19*o = 2*h + 5, -4*h + 5*o + 25 = 0. Let x(t) = t**3 - 2*t**2 - t + 10. Determine x(h).
10
Let m(f) = -4*f + 4. Let a = 2 - -3. Let i(k) be the second derivative of 5*k**3/6 - 2*k**2 - 7*k. Let s(v) = a*i(v) + 6*m(v). Determine s(-3).
1
Let a(w) be the third derivative of w**6/120 + w**5/60 + w**4/24 - 5*w**3/6 - 2*w**2. Suppose 4*q - 7*q - 9 = 0, 9 = -2*b - 3*q. What is a(b)?
-5
Suppose 0*h = 17*h + 85. Let a(u) = u + 9. Calculate a(h).
4
Let u be (-4)/6*(-4 - -1). Let h(x) = 4*x**u - 4*x + 4*x + 3 + x**3 + x. What is h(-4)?
-1
Let u(a) = -a**3 - 8*a**2 - 9*a - 7. Let h be ((-12)/(-4) - 5)*39. Let l be (-279)/39 + (-12)/h. Determine u(l).
7
Let m(f) be the first derivative of -f**3/3 - 3*f**2/2 + 3*f - 282. Calculate m(-3).
3
Let u(r) = 4*r - 16. Let v be (-2*1)/((-34)/102). Calculate u(v).
8
Let r(x) = x**2 + 7*x - 9. Suppose v + k = 6*v + 35, 5*k + 41 = -2*v. Calculate r(v).
-1
Let c(f) = -f**2 + f + 1. Suppose 2*r + 5*k - 3 = 18, r - 12 = -4*k. Suppose x + 14 = 4*p - x, 0 = -4*p - 4*x + r. Give c(p).
-5
Let y(m) = 6*m**2 + m - 9 - 5*m**2 - 3*m**2 + 7*m. Give y(5).
-19
Let z(g) be the second derivative of -g**5/20 - g**4/3 - 2*g**3/3 - g**2/2 + 10*g. Suppose -4*n - 2*j + 2 = 4, 5*n - 10 = -5*j. Give z(n).
2
Let d(s) be the second derivative of -s**4/24 + s**3 + 5*s**2 + s. Let f(a) be the first derivative of d(a). Calculate f(7).
-1
Suppose -4*p + 13 - 41 = 0. Let v(w) be the first derivative of -w**2/2 + w - 1085. Give v(p).
8
Let k(t) be the third derivative of -t**4/24 - 10*t**3/3 - 101*t**2. Give k(-14).
-6
L